?
2, 3, 7, 53, 1493
What are the prime factors of 1680112?
2, 7, 2143
What are the prime factors of 358609?
97, 3697
What are the prime factors of 3381513?
3, 293, 3847
What are the prime factors of 2069758?
2, 1034879
What are the prime factors of 149215?
5, 11, 2713
What are the prime factors of 3673644?
2, 3, 13, 23549
What are the prime factors of 7887176?
2, 11, 89627
What are the prime factors of 4396274?
2, 2198137
What are the prime factors of 9829?
9829
What are the prime factors of 564541?
31, 18211
What are the prime factors of 166732?
2, 73, 571
What are the prime factors of 16943640?
2, 3, 5, 7, 23, 877
What are the prime factors of 1845352?
2, 251, 919
What are the prime factors of 285854?
2, 47, 3041
What are the prime factors of 5057095?
5, 97, 10427
What are the prime factors of 1441388?
2, 13, 53, 523
List the prime factors of 35914079.
5233, 6863
What are the prime factors of 295689?
3, 98563
What are the prime factors of 9726608?
2, 23, 26431
List the prime factors of 1447227.
3, 17, 1051
What are the prime factors of 653460?
2, 3, 5, 10891
List the prime factors of 8172888.
2, 3, 19, 17923
What are the prime factors of 19825?
5, 13, 61
What are the prime factors of 68308?
2, 17077
List the prime factors of 2439657.
3, 11, 19, 1297
What are the prime factors of 14228451?
3, 47, 33637
List the prime factors of 2975718.
2, 3, 495953
What are the prime factors of 5041736?
2, 7, 90031
List the prime factors of 145420.
2, 5, 11, 661
List the prime factors of 191802.
2, 3, 13, 2459
List the prime factors of 1194838.
2, 597419
What are the prime factors of 756195?
3, 5, 11, 4583
What are the prime factors of 14319279?
3, 13, 122387
List the prime factors of 6423986.
2, 149, 21557
What are the prime factors of 91946?
2, 31, 1483
What are the prime factors of 138845?
5, 7, 3967
List the prime factors of 1752865.
5, 47, 7459
What are the prime factors of 32219512?
2, 13, 23831
List the prime factors of 663572.
2, 7, 13, 1823
List the prime factors of 141377.
37, 3821
List the prime factors of 918081.
3, 37, 919
List the prime factors of 106854.
2, 3, 11, 1619
What are the prime factors of 349472?
2, 67, 163
List the prime factors of 1599873.
3, 11, 48481
List the prime factors of 1074764.
2, 89, 3019
List the prime factors of 18408574.
2, 109, 84443
List the prime factors of 8853173.
7, 53, 487
List the prime factors of 1891830.
2, 3, 5, 19, 3319
List the prime factors of 216836.
2, 151, 359
List the prime factors of 627859.
627859
List the prime factors of 23817536.
2, 372149
What are the prime factors of 818536?
2, 102317
List the prime factors of 3264885.
3, 5, 13, 5581
List the prime factors of 148827.
3, 7, 19, 373
List the prime factors of 1032312.
2, 3, 43013
List the prime factors of 2774283.
3, 23, 31, 1297
What are the prime factors of 134209?
103, 1303
List the prime factors of 3095532.
2, 3, 11, 7817
List the prime factors of 36828082.
2, 563, 32707
List the prime factors of 25864695.
3, 5, 31, 18541
List the prime factors of 74234.
2, 37117
What are the prime factors of 2763911?
17, 19, 43, 199
What are the prime factors of 195693?
3, 37, 41, 43
What are the prime factors of 5203120?
2, 5, 13, 5003
What are the prime factors of 2610074?
2, 113, 11549
List the prime factors of 1049977.
1049977
What are the prime factors of 215203?
17, 12659
List the prime factors of 223523.
107, 2089
List the prime factors of 18247775.
5, 7, 13, 617
List the prime factors of 105429.
3, 113, 311
What are the prime factors of 2382810?
2, 3, 5, 79427
List the prime factors of 154518.
2, 3, 7, 13, 283
List the prime factors of 102240.
2, 3, 5, 71
List the prime factors of 410001.
3, 19, 7193
What are the prime factors of 1752417?
3, 194713
What are the prime factors of 8985974?
2, 19, 89, 2657
List the prime factors of 1887.
3, 17, 37
List the prime factors of 507115.
5, 7, 14489
List the prime factors of 104932.
2, 37, 709
What are the prime factors of 975693?
3, 325231
List the prime factors of 12842964.
2, 3, 356749
What are the prime factors of 16886710?
2, 5, 1013, 1667
What are the prime factors of 1895969?
53, 83, 431
What are the prime factors of 688344?
2, 3, 23, 29, 43
What are the prime factors of 2106829?
2106829
List the prime factors of 45639.
3, 11, 461
What are the prime factors of 1276334?
2, 149, 4283
List the prime factors of 806106.
2, 3, 7, 17, 1129
What are the prime factors of 4343096?
2, 19, 28573
List the prime factors of 28482618.
2, 3, 41, 115783
List the prime factors of 518550.
2, 3, 5, 3457
What are the prime factors of 28463519?
7, 389, 10453
List the prime factors of 311295.
3, 5, 20753
What are the prime factors of 298920?
2, 3, 5, 47, 53
What are the prime factors of 8008117?
13, 23, 26783
What are the prime factors of 21831?
3, 19, 383
What are the prime factors of 309205?
5, 13, 67, 71
What are the prime factors of 499111?
19, 109, 241
List the prime factors of 405472.
2, 12671
What are the prime factors of 3175491?
3, 11, 41, 2347
What are the prime factors of 23394807?
3, 89, 29207
List the prime factors of 852011.
852011
What are the prime factors of 568364?
2, 151, 941
List the prime factors of 271568.
2, 11, 1543
List the prime factors of 3971416.
2, 496427
List the prime factors of 726076.
2, 13, 13963
What are the prime factors of 681060?
2, 3, 5, 11351
What are the prime factors of 220574?
2, 29, 3803
What are the prime factors of 121523?
121523
List the prime factors of 16720224.
2, 3, 174169
List the prime factors of 6258161.
7, 13, 68771
List the prime factors of 2236199.
7, 61, 5237
List the prime factors of 2141787.
3, 43, 16603
What are the prime factors of 23446058?
2, 599, 19571
List the prime factors of 358050.
2, 3, 5, 7, 11, 31
List the prime factors of 3251925.
3, 5, 97, 149
What are the prime factors of 235573?
13, 18121
List the prime factors of 632781.
3, 70309
What are the prime factors of 8763710?
2, 5, 876371
What are the prime factors of 40228612?
2, 491, 20483
What are the prime factors of 13399432?
2, 23, 72823
What are the prime factors of 670308?
2, 3, 83, 673
What are the prime factors of 1442556?
2, 3, 19, 37
List the prime factors of 19754206.
2, 233, 42391
What are the prime factors of 375998?
2, 7, 107, 251
List the prime factors of 20295096.
2, 3, 647, 1307
List the prime factors of 939967.
7, 19183
What are the prime factors of 10841540?
2, 5, 547, 991
What are the prime factors of 7419453?
3, 83, 359
What are the prime factors of 495119?
495119
What are the prime factors of 284519?
29, 9811
What are the prime factors of 2569924?
2, 7, 17, 5399
List the prime factors of 294097.
31, 53, 179
What are the prime factors of 586909?
586909
What are the prime factors of 2140097?
307, 6971
List the prime factors of 965526.
2, 3, 29, 31, 179
List the prime factors of 2919262.
2, 1459631
List the prime factors of 31918642.
2, 7, 37, 43, 1433
List the prime factors of 413416.
2, 31, 1667
What are the prime factors of 2313588?
2, 3, 192799
What are the prime factors of 8533922?
2, 4266961
List the prime factors of 22054206.
2, 3, 31, 118571
What are the prime factors of 1364988?
2, 3, 113749
List the prime factors of 516343.
83, 6221
What are the prime factors of 1921230?
2, 3, 5, 21347
What are the prime factors of 787911?
3, 19, 23, 601
What are the prime factors of 6811625?
5, 54493
List the prime factors of 351711.
3, 39079
List the prime factors of 5119728.
2, 3, 106661
What are the prime factors of 80259?
3, 31, 863
What are the prime factors of 671117?
23, 29179
List the prime factors of 1196875.
5, 383
List the prime factors of 13919963.
13919963
List the prime factors of 213928.
2, 11, 13, 17
What are the prime factors of 399344?
2, 11, 2269
List the prime factors of 3146512.
2, 196657
List the prime factors of 71440.
2, 5, 19, 47
List the prime factors of 37164.
2, 3, 19, 163
What are the prime factors of 19620338?
2, 47, 4441
What are the prime factors of 1071935?
5, 17, 12611
List the prime factors of 3765165.
3, 5, 103, 2437
What are the prime factors of 10309952?
2, 161093
List the prime factors of 69797.
7, 13, 59
What are the prime factors of 1781445?
3, 5, 113, 1051
What are the prime factors of 14503508?
2, 643, 5639
List the prime factors of 13978728.
2, 3, 